 54. Let h = 10 + z. Let p(g) be the third derivative of -g**6/120 - 7*g**5/60 + 5*g**4/12 + 2*g**3/3 + 356*g**2 - 2*g. Determine p(h).
-12
Let w(h) = 22 - 16*h**2 + 15*h**3 + 24*h**3 - 12 - 29*h - 40*h**3. What is w(-14)?
24
Let k(p) be the second derivative of -4*p**3/3 + 8*p**2 - 32*p + 2. What is k(7)?
-40
Let y(r) = -89*r**3 + 8*r**2 + 5*r + 6. Let g(b) = 88*b**3 - 6*b**2 - 4*b - 5. Let k(u) = 5*g(u) + 4*y(u). Give k(1).
85
Let i(u) = 4*u**2 + u - 1. Suppose -113 = 161*r - 596. Determine i(r).
38
Let c(l) = -15*l - l**2 - 113 + 11*l + 121. Calculate c(-4).
8
Let l = -3 - -5. Let h(s) be the second derivative of 0 + 0*s**2 - 1/6*s**3 + 132*s + 1/6*s**4. Determine h(l).
6
Let b(q) = 4*q**3 + 40*q**2 - 8*q + 11. Let t(i) = -i**3 - 4*i**2 - 2*i - 3. Let r(l) = b(l) + 5*t(l). Calculate r(19).
15
Let n(i) = -i**2 - 8*i + 1. Let s(r) = r**2 - 9*r - 31. Suppose 0 = -3*y + 46 - 13. Let t be s(y). What is n(t)?
-8
Let w(u) = -u**3 - 66*u**2 + 201*u - 412. Let b be w(-69). Let q(r) be the first derivative of 24 - 2*r**3 + 6*r + 2*r**b + 1/4*r**4. Give q(5).
1
Let i(a) be the first derivative of -a**5/20 - a**4/12 + a**3/2 + a**2 - 29*a + 8. Let p(m) be the first derivative of i(m). What is p(-2)?
0
Let l(r) = 3*r + 28. Let m be l(-8). Let n(g) = 749 - 373 - 384 - m*g. Give n(-4).
8
Let n(t) be the third derivative of t**6/120 - t**5/30 - t**4/8 - t**2. Let g(m) = m**3 - 2*m**2 + m + 7. Let c be g(5). Let f = 90 - c. Determine n(f).
0
Let l(k) = 8 + 4 + 0*k**2 - k + k**3 - 2*k**2 - 17. Let n = -2710 + 2713. What is l(n)?
1
Let l(i) be the third derivative of 5*i**4/8 + 9*i**3/2 - 9*i**2 + 48*i + 2. Determine l(-1).
12
Let z = -3925 - -3926. Let g(q) = 2*q**3 + q**2 - 4*q + 3. Give g(z).
2
Let d = -3078 + 3085. Let x(w) be the second derivative of w**5/20 - 7*w**4/12 + w**3/6 - 3*w**2 + 7*w. What is x(d)?
1
Let r be 16/5 + (27/15 - 2). Suppose 0 = 4*d + r*g - 11 - 1, 2*d = g + 6. Let u(i) = 2 + d*i**2 - 5*i**3 + 4*i**3 + 0*i**2 - i. Calculate u(3).
-1
Let k(p) be the first derivative of -p**4/4 + p**3 - 7*p**2/2 - p - 59. Let c(y) = -4*y**3 + 13*y**2 - 33*y - 3. Let r(a) = 2*c(a) - 9*k(a). Determine r(3).
12
Let t(p) = -6*p - 5*p + 34 + p**2 + 6 - 39. Calculate t(10).
-9
Let p(y) = -32*y + 22. Suppose 0 = -4*l + 7*x - 5*x - 4, 4*l + 5*x = 24. Give p(l).
-10
Let s = -3081 - -3079. Let t(c) = -8*c + 5. Determine t(s).
21
Let l(p) be the second derivative of 2*p + 3*p**2 - 1/6*p**3 + 0. Let x(q) = -q**3 - 13*q**2 - 12*q - 151. Let g be x(-13). What is l(g)?
1
Suppose 6*a = a + 15. Let u(j) = j**3 - 3*j**2 + 2208962*j - 2208962*j - 2. Give u(a).
-2
Let p(q) = 2*q**3 + 4*q**2 - 3. Suppose 3*w = 3*s - 24, -5*w + 7*s = 5*s + 37. Let g be (w + (-224)/(-35))*(5 - 0). Determine p(g).
-21
Let a(z) = -959*z + 3*z**2 + 460*z + 458*z + 15. Calculate a(13).
-11
Let l(j) be the first derivative of -j**3/3 - 3*j**2 + 4*j - 1. Let q = -29 - -32. Suppose -q*d - 2*r - 15 = 2*d, 15 = 2*d + 5*r. Determine l(d).
9
Let u(r) = -13*r**2 - 27. Let k(h) = 7*h**2 + 15. Let a(s) = -9*k(s) - 5*u(s). Determine a(2).
8
Suppose -2*v = -5*p + 94, -5*v + 8 = -3*p + 91. Let g(b) = b**2 - 14*b - 101. Determine g(p).
-69
Let q = -32 + 54. Let z(i) be the third derivative of -i**4/8 - 4*i**3/3 + 28*i**2. Let f(c) = -16*c - 41. Let u(s) = q*z(s) - 4*f(s). What is u(-8)?
4
Let z be -7 - (1/4 + 3/4). Let k be (-2)/7 + 0 - 27/(-21). Let d(q) = k - 10 - 7*q + 10*q - 4*q. Calculate d(z).
-1
Let a(x) = x**3 + 3*x**2 + x + 1. Let j(m) = m**3 + 27*m**2 + 24*m - 3. Let c be j(-26). Let t be ((-14)/c)/((-2)/(-28)). Give a(t).
-19
Let b(g) be the first derivative of g**4/4 - g**3 + 3*g**2/2 + g + 2. Let i be b(2). Let j(t) = 2*t**3 + 10*t**2 - 4*t**i + t**3 + 3 - 3*t**2. Calculate j(7).
3
Let q(g) = -3*g + 53. Let i(c) = 8*c - 146. Let o(z) = 4*i(z) + 11*q(z). What is o(-1)?
0
Suppose -75*q + 139 = -161. Let j(f) = 2*f**3 + 8*f**2 + f - 3. Let s(x) = -x**3 - x**2 - x. Let r(o) = -j(o) - 3*s(o). What is r(q)?
-5
Let p(g) be the second derivative of g**8/6720 + 19*g**5/120 + 59*g**4/12 + g**2 - 16*g + 2. Let j(w) be the third derivative of p(w). Calculate j(0).
19
Suppose 78 - 18 = -5*o. Let r(a) = 4*a + 3. Give r(o).
-45
Let c(s) = s**3 + 7*s**2 - 8*s - 7. Suppose 5*x - 4*h = -120, -2*h = x + 17 + 7. Let y be x/108 - 1/9*-56. Suppose y*u + 8 = -40. What is c(u)?
-7
Let j(o) = -2 - 2546*o**2 - 2 - 5*o + 4 + 2547*o**2 + 2. Let h be -1 - (-7 - (0 + -1)). Determine j(h).
2
Let d = -8 - -15. Let z(s) = -6 - d*s - 5*s**2 + 4*s**2 + 16*s. Let y be (6/(-5))/((-207)/1610*(-7)/(-6)). Give z(y).
2
Let y(t) = -t**3 + 2*t**2 - 4*t + 4. Let p be 6/(-10)*315/(-9). Suppose 59 = p*o + 17. Determine y(o).
-4
Let b(z) = 5*z**2 - 3*z + 7. Let i(c) = 4*c**2 - 2*c + 7. Let k(v) = -5*b(v) + 6*i(v). Let h = 2774 - 2769. Give k(h).
-3
Let g(o) be the second derivative of -o**4/12 - 5*o**3/3 + 3*o**2 + 7*o. Let l(b) = 4*b - 39. Let n be l(8). Give g(n).
27
Let v(k) = 2*k**2 + 8*k - 7. Let o(g) = -3*g**2 - 15*g + 13. Suppose -2 = 2*i + 4. Let d(x) = i*o(x) - 5*v(x). Suppose 3*r = -42*r + 135. What is d(r)?
2
Suppose 3*o = 2*m + 12, o - 2*m + 7*m + 13 = 0. Let r(x) = -5*x + 16*x - 294*x**2 + 293*x**o - 8. Give r(12).
-20
Let p = -7097 + 7104. Let l(y) = y**3 - 12*y**2 + 11*y - 3. Determine l(p).
-171
Let o(l) = -l - 3. Let k(z) = z**3 - 5*z**2 + 3*z + 3. Let d be k(3). Let x be (d/(-10))/((-1)/(-10)) + 3. Suppose 13*s = x*s - 16. Calculate o(s).
1
Suppose -4*y = 9*o - 8*o - 8, 2*y = -3*o - 6. Suppose -5*x - 36 = 4*s, -y*x + 3*s - 6*s = 24. Let c(r) = -r**2 - 2*r - 4. What is c(x)?
-12
Let m(t) = 5*t**2 + 13*t + 8. Let q(p) = 2*p**2 + 6*p + 4. Let v(f) = f - 15. Let x be v(18). Let z(l) = x*m(l) - 7*q(l). Determine z(3).
-4
Let t(j) = -11*j**2 + 0*j**3 - 12 + 24*j - j**3 + 2*j**2 - 15*j - 8*j. What is t(-9)?
-21
Let i(b) = -5*b**3 + b**2 - 8*b - 1. Let m(g) = 47*g**3 - 11*g**2 + 74*g + 7. Let y(t) = 19*i(t) + 2*m(t). Give y(-3).
7
Let c(f) = -f + 26. Let y be 11 - (6 + (-78)/6). Calculate c(y).
8
Let r be 14 - (-12 - 329/(-14)). Let l(a) be the first derivative of -4 - a**3 + 1/4*a**4 - r*a**2 + 4*a. Determine l(4).
0
Let r(n) = -3*n - 19. Let k be r(-7). Suppose 4 = i - k*i, -5*q - 5*i = 0. Let x(y) = -41 + 41 - y. Calculate x(q).
-4
Let m(j) = j**3 + 17*j - 4*j**2 + 0*j**3 - 17*j - 4. Suppose -5*n - 1930 = -1945. Calculate m(n).
-13
Suppose -s = -2*n - 36, -2*n - s - 25 - 19 = 0. Let i be 26/8 - 15/n. Let c(j) = -8 - 362*j**2 + 361*j**2 + 7*j + 3. Give c(i).
7
Let k(d) = -d**2 + 4*d - 1. Let z(b) = -8*b**2 + 3*b**3 - 3*b**2 - 24 - 4*b**3 + 4*b**2 - 11*b. Let n be z(-6). What is k(n)?
-13
Let i be (-5)/(10/(-4)) + -29 + 29. Let l(d) = 22 - 3*d**2 + 3*d**2 - d**i - 15 + 5*d. Calculate l(7).
-7
Let q(x) = -21*x - 34*x - 26*x + 7 + 60*x. Let f(u) = -10*u + 4. Let v(n) = -5*f(n) + 3*q(n). Give v(1).
-12
Let m(p) = 95*p**2 - 4*p - 5. Let t be m(6). Let h(g) = -3 + t*g - 3389*g + 1 - 2*g**2. Calculate h(2).
-6
Let s(o) be the third derivative of 1/6*o**3 + 0*o - 9*o**2 + 2/3*o**4 + 0. What is s(-1)?
-15
Let f(j) = -j**3 - j**2 - 11. Suppose 54 = -30*n + 36*n. Let w(g) = -2*g**2 + 17*g + 9. Let o be w(n). Calculate f(o).
-11
Let x(u) be the third derivative of -13*u**5/60 - u**4/6 + 2*u**3/3 + 234*u**2. Calculate x(1).
-13
Let z(g) be the second derivative of -g**3/6 - 11*g**2/2 + 33*g. Let f be z(-16). Let j(p) = p**3 - 6*p**2 + 7*p - 10. Determine j(f).
0
Let t(v) = -97*v**2 + 23*v - 62. Let d(i) = -29*i**2 + 8*i - 21. Let c(l) = -10*d(l) + 3*t(l). Determine c(-13).
-2
Let i(f) = -2*f**2 + 3*f**2 - 7 + f + 7*f. Let h be (452/(-1130)*50/4)/(-2 - -3). Determine i(h).
-22
Let x be (2 - 8)*((-589)/(-38) + -15). Let u(m) = m**3 + 5*m**2 + 12*m. Give u(x).
-18
Suppose 61 = -1875*q + 1873*q - n, 3*q - 4*n = -53. Let z(j) = -j**2 - 18*j + 238. Give z(q).
-5
Let y be -1 - 144/(-75) - (-42)/525. Let m(b) = 3*b**2 - 20*b + 18. What is m(y)?
1
Let o = -290 - -287. Let g be (16/(-6))/((-1)/o*1). Let l(i) = i**2 + 7*i - 10. What is l(g)?
-2
Let w(b) = -4*b - 5. Let i(s) = -15*s - 123 + 4*s + 129 - s**2. Let f be i(-12). Calculate w(f).
19
Let u be 1*(-4)/10 + (-177)/(-5). Let g = -36 + u. Let k(s) = 19*s**2 - s - 1. Give k(g).
19
Let d(b) = -b**3 - b**2 + 2*b - 1. Let m be d(1). Let p(a) be the second derivative of -7*a**5/20 - a**4/6 + a**2/2 